) = -3*j**3 - 5*j**2 - 5*j - 4. Suppose -2*n = -5*s + 21, -3*n - n - 3 = 3*s. Is g(n) a prime number?
True
Suppose -c - 42 = c. Is (-1443)/c + (-6)/(-21) a composite number?
True
Suppose y - 5*y = -2*t + 394, -3*t + 591 = -5*y. Let h = -115 + t. Is h composite?
True
Let a = 5 - 0. Suppose a*l - 12 + 7 = -4*x, 3*l = -5*x + 3. Is 35 + (1 - l - -2) a prime number?
True
Is 6/(-39) - (-48951)/39 composite?
True
Let t(k) = 11*k**2 + 5*k - 5. Is t(5) prime?
False
Suppose -4*u = 2*x - 3456, -2*u = 2*u + 4*x - 3464. Is u a prime number?
False
Is 579/3 + -1 - 1 a composite number?
False
Suppose -3481 + 23970 = 7*d. Is d a composite number?
False
Let a be (-2012)/(-14) - (-8)/28. Let v = a + -28. Let c = v + -47. Is c a composite number?
True
Suppose 2374 = 4*v + 2*q, -3*v = -4*v + 4*q + 571. Is (-12)/18 - v/(-9) composite?
True
Let u(f) = -3*f + 11. Let r(k) be the third derivative of k**4/6 - 2*k**3 + k**2. Let j(p) = 2*r(p) + 3*u(p). Is j(6) prime?
True
Let j(d) = -d**3 + 8*d**2 - 4*d + 3. Let l be j(7). Suppose 3*v - l = v - 4*f, 2*v = -f + 21. Suppose v - 175 = -3*m. Is m a prime number?
False
Let m = -21 - -29. Suppose 5*x - m = -493. Let s = -66 - x. Is s a composite number?
False
Let l = -61 + 18. Suppose -3*o + r + 4*r - 516 = 0, -2*r + 525 = -3*o. Let k = l - o. Is k composite?
True
Let h(d) = d**2 - 12. Let v be h(0). Let k(s) = -6*s + 5. Is k(v) prime?
False
Is 3107/(-39)*-1*3 a prime number?
True
Let f be 4/((-8)/(-413))*2. Let d = 639 - f. Is d a composite number?
True
Let m(y) be the first derivative of y**3 + 9*y**2/2 + 7*y + 3. Is m(7) prime?
False
Suppose 0 = -3*t + 785 + 5602. Is t a prime number?
True
Suppose -5*b = -3*y - 15, -2 = -2*b - 3*y + 4. Suppose -f - 26 = -b*f. Is f composite?
False
Let a be 1 + -1 + 2 + -56. Let r be (1*(a + 1))/(-1). Is 2/5*(r - -2) a composite number?
True
Let a be (-2 - -9)/(1/8). Let b(i) = 131 - 4*i + 0*i + a + 3*i. Is b(0) a composite number?
True
Suppose 2*s - 4*s - 6 = 0. Is (12/4)/s + 98 a composite number?
False
Let h = -8 + 5. Let j be (-25)/(-3) - 4/(-6). Is 68/3 - h/j prime?
True
Let t be ((-57)/(-2))/(9/60). Suppose -4*k = -t + 18. Is k composite?
False
Suppose 212 = 2*y - 2*w - 28, 3*y + 2*w = 360. Let k = 203 - y. Is k a composite number?
False
Let d = 47 + 50. Is d prime?
True
Suppose 2*k = u - 5*u + 6, 5*u = 2*k + 12. Suppose 0*a + 16 = 2*g - u*a, -2*g + 1 = a. Suppose -v - l = -33, 2*v - g*l - 70 = -4*l. Is v a prime number?
True
Let m(t) = 5*t**2 + 11*t + 8. Let r(o) = 6*o**2 + 12*o + 9. Let h = 4 + 0. Let p(j) = h*r(j) - 5*m(j). Is p(-5) a composite number?
True
Let d(w) = -2*w**3 - 2*w**2 - 3. Is d(-3) composite?
True
Let b(l) = l**2 - l + 9. Is b(-10) prime?
False
Suppose -10*b + 16*b = 2130. Is b a prime number?
False
Is (-29)/(2/6*-1) prime?
False
Suppose 0 = 3*p - 1140 - 51. Is p a composite number?
False
Suppose -3*o = 6 - 0. Is (-10)/o*(-387)/(-15) prime?
False
Let f(d) be the first derivative of 2*d**3/3 + d**2/2 + 7*d + 2. Is f(6) composite?
True
Suppose 5*i + 16 = -14. Is (-621)/(-6)*(-4)/i prime?
False
Suppose -1016 = -2*i - 152. Suppose 2*p - 282 = -4*q + i, 0 = 4*p + 4*q - 1408. Is p a composite number?
False
Let u = 167 - -202. Let j = -212 + u. Is j a prime number?
True
Let f(i) = -5*i + 1. Is f(-1) a prime number?
False
Let m = -7 + 14. Suppose -d + m = -0. Is d a prime number?
True
Suppose m + 3*k - 13 = 0, -3*k - 23 = -3*m - 8*k. Let q be m*(-3)/((-6)/94). Suppose -5*v + q = -138. Is v composite?
False
Suppose 0 = 7*a - 5*a - 178. Is a prime?
True
Suppose -4*t + 5*y = -13, -2*t + y - 4 = -3. Let f = 14 + -14. Is t*1 + 206 + f prime?
False
Let y(n) be the first derivative of 6*n**2 - 2*n - 5. Is y(10) a prime number?
False
Is (-4)/6*9195/(-10) a prime number?
True
Let s be 48/(-30)*(-15)/2. Let a = s + -6. Suppose c - a = 16. Is c prime?
False
Suppose -5 = 2*j - 15. Suppose t - j*t - 5*q + 126 = 0, 5*t - 166 = -2*q. Is t a composite number?
True
Is ((-8380)/6)/((-8)/12) a prime number?
False
Let q = 14 - 20. Let p be (-5)/1*(-1 + q). Suppose y + t - p = 87, 4*y + 2*t = 482. Is y composite?
True
Let q(c) = -c**3 + 14*c**2 + 13*c - 12. Let a(u) = u**2 + 1. Let d(v) = -2*a(v) + q(v). Let r be d(13). Is (-10)/(-35) - 2586/r composite?
True
Let d be (-40)/(-12)*(-9)/(-6). Suppose 2*y + g = -60, 3*g - 16 = -2*y - 76. Let l = d - y. Is l a composite number?
True
Suppose -2*l - 5*x + 824 = 0, -l - 4*x = 3*l - 1636. Is l prime?
False
Let k(m) = m**2 - 2*m + 79. Is k(0) a composite number?
False
Let q(i) = -4*i**3 - 2*i**2 + 1. Let k be q(-1). Let v(z) = 0 + 2*z - 2 + 4*z**2 - 3*z**2. Is v(k) composite?
False
Let x(u) = 1398*u**2 - u + 2. Is x(1) composite?
False
Let g(x) = x**3 - 2*x**2 - 13*x + 2. Let p be g(9). Is (4 + -2)/(8/p) composite?
False
Let g be 5 - (1 + 2 - 0). Suppose g*s + 2*x - 56 = 0, 3*s - 26 - 58 = 2*x. Suppose 0 = 6*t - 2*t - s. Is t a composite number?
False
Let n(d) = -d**3 + 3*d**2 + 2*d + 3. Let j be n(3). Let u = j - 3. Is -2*3/u*-2 prime?
True
Is 4/(-6)*-1*(-2763)/(-6) prime?
True
Let i(c) = -91*c + 3. Is i(-2) prime?
False
Let i be (5/(-3))/((-4)/12). Let f be (-20)/8*i*2. Let q = 64 - f. Is q prime?
True
Let q(r) = 67*r + 2. Let c = 7 + -4. Let y be q(c). Let m = y - 76. Is m composite?
False
Let t(y) = -202*y - 5. Is t(-4) a composite number?
True
Let s(q) = 97*q. Let u(k) = k. Let z be u(1). Is s(z) a composite number?
False
Suppose -2*a - 1 = -15. Let u = a + -7. Suppose u = -5*h - 2*n - 0*n + 60, 2*h + 3*n = 35. Is h a prime number?
False
Let a = 0 + 2. Let x(y) be the first derivative of 5*y**2/2 - 3*y - 2. Is x(a) a composite number?
False
Is ((-2)/(-4))/(4/17224) a prime number?
True
Suppose -q + 2493 = -0*q + 2*h, -q + 2503 = -3*h. Is q composite?
True
Let b be 5*4/40*-4. Let p(g) = -97*g. Is p(b) a prime number?
False
Suppose -32 = -4*g - 5*d, 3*g - 13 = -0*d - d. Suppose 2*z = -2*z - 3*o + 452, -538 = -5*z + 3*o. Suppose -85 = -g*k + z. Is k prime?
False
Let s = 726 + -419. Is s a composite number?
False
Suppose 25*x - 21*x - 2084 = 0. Is x a composite number?
False
Let l(j) be the first derivative of -j**2/2 + 9*j + 2. Let s be l(7). Suppose -s*u + 4*u = 4, 772 = 4*w + 4*u. Is w a composite number?
False
Let a be 30/27 - (-2)/(-18). Is (a - 0)/(9/1467) composite?
False
Let v(g) = -g - 2. Let o be v(-4). Let t = 3 + o. Suppose -294 = -t*q - k, 3*q + k + 4*k - 194 = 0. Is q a prime number?
False
Let u = -2 + 37. Suppose 0 = 3*k - 4*w - 137, k = -w + 5*w + u. Is k prime?
False
Let g = -47 + 136. Is g prime?
True
Let x(l) = -192*l. Suppose 0 = -5*j + 4*h + 10, -h + 21 = -3*j - 4*h. Let k be x(j). Suppose 5*f - 632 = a, f - k = -2*f - a. Is f a composite number?
False
Is 18/(-54) - 1820/(-6) composite?
True
Let u = 2 - 2. Suppose u = 2*p - 667 - 271. Is p a prime number?
False
Suppose 0 = -p + 2*s + 208, 3*p - 381 = -s + 236. Suppose 0 = -2*r - 3*r - 585. Let k = p + r. Is k a composite number?
False
Let f be ((-2)/(-2))/(1/24). Suppose -f = -4*q + h, -8 - 15 = -3*q + 2*h. Suppose -5*d + 2*d + 8 = -k, q*d = -2*k + 28. Is d prime?
False
Suppose f + 2 = 4. Is 134*f/8*2 a composite number?
False
Suppose -3*z + u + 5279 = 0, -3*z + 571 = 4*u - 4698. Is z a composite number?
False
Suppose f = -0*r - 3*r - 10, 5*f = 2*r + 35. Let u = -3 + f. Suppose u*b - 6*b + 60 = 0. Is b a composite number?
True
Let g be 0 + (-3)/((-6)/(-14)). Let h = g + 4. Is 81 - (2 - 8)/h a prime number?
True
Let d(o) = -2*o**3 + 2*o**2 + o. Let u be d(-1). Suppose 4*x - u*x - 49 = 0. Is x prime?
False
Suppose p + 49 = d + 3*d, -2*d - 3*p + 7 = 0. Suppose -d*x + 10*x + 485 = 0. Is x prime?
False
Let n(r) = 114*r + 7. Is n(2) a prime number?
False
Is 2/(-9) - (-3226)/18 composite?
False
Let y(r) = 5*r**2 - 10*r + 4. Is y(9) prime?
False
Let l(a) = 14*a + 2. Let p be l(9). Let t = -70 + p. Is t a prime number?
False
Suppose -5397 = -3*t - 5*i, -3*i - 3598 = -2*t - i. Is t prime?
False
Let r = 653 + -339. Let p = 5 - 0. Suppose -r = -p*k - h - 35, -h = -4. Is k prime?
False
Is (5 + -7)/(2*(-2)/3518) a prime number?
True
Is (12 + 254)*2/4 composite?
True
Let k(c) = -4*c + 3. Is k(-8) composite?
True
Suppose -159 = -3*n - 3*f, 205 = 3*n + 5*f + 38. Is n prime?
False
Suppose 3*h = 12 - 3. Suppose 7*z - h*z - 260 = 0. Is z prime?
False
Suppose 0 = y + 3*y - 7516. Is y prime?
True
